{"id":1364,"date":"2021-04-17T19:15:34","date_gmt":"2021-04-17T22:15:34","guid":{"rendered":"https:\/\/estacaosemear.com.br\/?post_type=tribe_events&#038;p=1364"},"modified":"2021-04-17T19:15:34","modified_gmt":"2021-04-17T22:15:34","slug":"empatia-que-contagia","status":"publish","type":"tribe_events","link":"https:\/\/estacaosemear.com.br\/index.php\/evento\/empatia-que-contagia\/","title":{"rendered":"Empatia que contagia"},"content":{"rendered":"<p>A Esta\u00e7\u00e3o Semear oferece uma jornada de autoconhecimento com ferramentas de apoio para Educadores, gestores e demais colaboradores das institui\u00e7\u00f5es escolares, por meio da tem\u00e1tica &#8220;empatia&#8221;.<\/p>\n<p>A empatia merece ser olhada e vivenciada para ser compreendida e transmitida, por isso a Esta\u00e7\u00e3o Semear deseja sensibilizar e apoiar a comunidade escolar, por meio de uma jornada de quatro encontros online de duas horas por semana.<\/p>\n<p>Com o novo cen\u00e1rio global de distanciamento social e mudan\u00e7as no sistema econ\u00f4mico, educacional e social, percebemos a import\u00e2ncia de abordar esse tema e de criar espa\u00e7os de di\u00e1logo, acolhendo as diversidades e os desafios de trabalhar em equipe no ambiente escolar.<\/p>\n<p>Esse \u00e9 um projeto que conecta as pessoas consigo, com os outros e com o meio onde vivem. Poder proporcionar para equipes de profissionais da educa\u00e7\u00e3o, esta experi\u00eancia com um olhar emp\u00e1tico \u00e9 gerar um espa\u00e7o de cuidar de quem cuida e de resgatar a sua humanidade, a fim de que reencontrem caminhos de leveza e compaix\u00e3o em sua miss\u00e3o.<\/p>\n<p>Para este projeto online, as turmas ser\u00e3o formadas por institui\u00e7\u00e3o, acolhendo todas as diferentes fun\u00e7\u00f5es e cargos, trazendo a perspectiva de colabora\u00e7\u00e3o e uni\u00e3o dos conhecimentos e habilidades para superar os desafios di\u00e1rios. Todos receber\u00e3o o link de acesso \u00e0 plataforma Zoom para os quatro encontros online. Tamb\u00e9m ser\u00e1 criada uma rede pelo Telegram, a fim de possibilitar aos participantes acesso aos materiais da jornada, al\u00e9m de um grupo privado para intera\u00e7\u00e3o de todos.<\/p>\n<p>As datas e hor\u00e1rios ser\u00e3o acordadas entre as partes, considerando 2 horas por encontro, sendo que o data de encerramento \u00e9 at\u00e9 30 de junho 2021.<\/p>\n<p>Nesta jornada os participantes ser\u00e3o convidados a se empoderar e humanizar por meio de ferramentas de apoio que disponibilizadas nos encontros online. O percurso ser\u00e1 conduzido de forma que o grupo compartilhe seus desafios e suas conquistas, com o objetivo de se solidarizar e criar novos v\u00ednculos emp\u00e1ticos.<\/p>\n<p>Inscri\u00e7\u00f5es at\u00e9 30\/04\/2021<\/p>\n<p>*Vagas Limitadas.<\/p>\n<p>&nbsp;<\/p>\n<p><a href=\"https:\/\/docs.google.com\/forms\/d\/e\/1FAIpQLScxDm25qaXZd0Gq6VV_InVJrOeOE9CWiNoxxBvT2Ss9VOWnVA\/viewform?usp=sf_link\">Formul\u00e1rio de inscri\u00e7\u00e3o<\/a><\/p>\n<p>&nbsp;<\/p>\n<p><img loading=\"lazy\" decoding=\"async\" class=\"alignnone size-medium wp-image-1370\" src=\"http:\/\/estacaosemear.com.br\/wp-content\/uploads\/2021\/04\/Cartaz_projeto_empatia_online_explicativo_ilustrativo-300x221.png\" alt=\"\" width=\"600\" height=\"442\" srcset=\"https:\/\/estacaosemear.com.br\/wp-content\/uploads\/2021\/04\/Cartaz_projeto_empatia_online_explicativo_ilustrativo-300x221.png 300w, https:\/\/estacaosemear.com.br\/wp-content\/uploads\/2021\/04\/Cartaz_projeto_empatia_online_explicativo_ilustrativo-1024x756.png 1024w, https:\/\/estacaosemear.com.br\/wp-content\/uploads\/2021\/04\/Cartaz_projeto_empatia_online_explicativo_ilustrativo-768x567.png 768w, https:\/\/estacaosemear.com.br\/wp-content\/uploads\/2021\/04\/Cartaz_projeto_empatia_online_explicativo_ilustrativo-1536x1134.png 1536w, https:\/\/estacaosemear.com.br\/wp-content\/uploads\/2021\/04\/Cartaz_projeto_empatia_online_explicativo_ilustrativo-2048x1511.png 2048w\" sizes=\"auto, (max-width: 600px) 100vw, 600px\" \/><\/p>\n","protected":false},"excerpt":{"rendered":"<p>A Esta\u00e7\u00e3o Semear oferece uma jornada de autoconhecimento com ferramentas de apoio para Educadores, gestores e demais colaboradores das institui\u00e7\u00f5es escolares, por meio da tem\u00e1tica &#8220;empatia&#8221;. A empatia merece ser [&hellip;]<\/p>\n","protected":false},"author":1,"featured_media":0,"template":"","meta":{"_tribe_events_status":"","_tribe_events_status_reason":"","footnotes":""},"tags":[],"tribe_events_cat":[],"class_list":["post-1364","tribe_events","type-tribe_events","status-publish","hentry"],"_links":{"self":[{"href":"https:\/\/estacaosemear.com.br\/index.php\/wp-json\/wp\/v2\/tribe_events\/1364","targetHints":{"allow":["GET"]}}],"collection":[{"href":"https:\/\/estacaosemear.com.br\/index.php\/wp-json\/wp\/v2\/tribe_events"}],"about":[{"href":"https:\/\/estacaosemear.com.br\/index.php\/wp-json\/wp\/v2\/types\/tribe_events"}],"author":[{"embeddable":true,"href":"https:\/\/estacaosemear.com.br\/index.php\/wp-json\/wp\/v2\/users\/1"}],"version-history":[{"count":5,"href":"https:\/\/estacaosemear.com.br\/index.php\/wp-json\/wp\/v2\/tribe_events\/1364\/revisions"}],"predecessor-version":[{"id":1376,"href":"https:\/\/estacaosemear.com.br\/index.php\/wp-json\/wp\/v2\/tribe_events\/1364\/revisions\/1376"}],"wp:attachment":[{"href":"https:\/\/estacaosemear.com.br\/index.php\/wp-json\/wp\/v2\/media?parent=1364"}],"wp:term":[{"taxonomy":"post_tag","embeddable":true,"href":"https:\/\/estacaosemear.com.br\/index.php\/wp-json\/wp\/v2\/tags?post=1364"},{"taxonomy":"tribe_events_cat","embeddable":true,"href":"https:\/\/estacaosemear.com.br\/index.php\/wp-json\/wp\/v2\/tribe_events_cat?post=1364"}],"curies":[{"name":"wp","href":"https:\/\/api.w.org\/{rel}","templated":true}]}}

<p>A Estação Semear oferece uma jornada de autoconhecimento com ferramentas de apoio para Educadores, gestores e demais colaboradores das instituições escolares, por meio da temática &#8220;empatia&#8221;.</p>
<p>A empatia merece ser olhada e vivenciada para ser compreendida e transmitida, por isso a Estação Semear deseja sensibilizar e apoiar a comunidade escolar, por meio de uma jornada de quatro encontros online de duas horas por semana.</p>
<p>Com o novo cenário global de distanciamento social e mudanças no sistema econômico, educacional e social, percebemos a importância de abordar esse tema e de criar espaços de diálogo, acolhendo as diversidades e os desafios de trabalhar em equipe no ambiente escolar.</p>
<p>Esse é um projeto que conecta as pessoas consigo, com os outros e com o meio onde vivem. Poder proporcionar para equipes de profissionais da educação, esta experiência com um olhar empático é gerar um espaço de cuidar de quem cuida e de resgatar a sua humanidade, a fim de que reencontrem caminhos de leveza e compaixão em sua missão.</p>
<p>Para este projeto online, as turmas serão formadas por instituição, acolhendo todas as diferentes funções e cargos, trazendo a perspectiva de colaboração e união dos conhecimentos e habilidades para superar os desafios diários. Todos receberão o link de acesso à plataforma Zoom para os quatro encontros online. Também será criada uma rede pelo Telegram, a fim de possibilitar aos participantes acesso aos materiais da jornada, além de um grupo privado para interação de todos.</p>
<p>As datas e horários serão acordadas entre as partes, considerando 2 horas por encontro, sendo que o data de encerramento é até 30 de junho 2021.</p>
<p>Nesta jornada os participantes serão convidados a se empoderar e humanizar por meio de ferramentas de apoio que disponibilizadas nos encontros online. O percurso será conduzido de forma que o grupo compartilhe seus desafios e suas conquistas, com o objetivo de se solidarizar e criar novos vínculos empáticos.</p>
<p>Inscrições até 30/04/2021</p>
<p>*Vagas Limitadas.</p>
<p>&nbsp;</p>
<p><a href="https://docs.google.com/forms/d/e/1FAIpQLScxDm25qaXZd0Gq6VV_InVJrOeOE9CWiNoxxBvT2Ss9VOWnVA/viewform?usp=sf_link">Formulário de inscrição</a></p>
<p>&nbsp;</p>
<p><img loading="lazy" decoding="async" class="alignnone size-medium wp-image-1370" src="http://estacaosemear.com.br/wp-content/uploads/2021/04/Cartaz_projeto_empatia_online_explicativo_ilustrativo-300x221.png" alt="" width="600" height="442" srcset="https://estacaosemear.com.br/wp-content/uploads/2021/04/Cartaz_projeto_empatia_online_explicativo_ilustrativo-300x221.png 300w, https://estacaosemear.com.br/wp-content/uploads/2021/04/Cartaz_projeto_empatia_online_explicativo_ilustrativo-1024x756.png 1024w, https://estacaosemear.com.br/wp-content/uploads/2021/04/Cartaz_projeto_empatia_online_explicativo_ilustrativo-768x567.png 768w, https://estacaosemear.com.br/wp-content/uploads/2021/04/Cartaz_projeto_empatia_online_explicativo_ilustrativo-1536x1134.png 1536w, https://estacaosemear.com.br/wp-content/uploads/2021/04/Cartaz_projeto_empatia_online_explicativo_ilustrativo-2048x1511.png 2048w" sizes="auto, (max-width: 600px) 100vw, 600px" /></p>

<p>A Estação Semear oferece uma jornada de autoconhecimento com ferramentas de apoio para Educadores, gestores e demais colaboradores das instituições escolares, por meio da temática &#8220;empatia&#8221;. A empatia merece ser [&hellip;]</p>
